(7).
5
Let n(c) = c**3 - 37*c**2 + 137*c - 71. What is n(31)?
-1590
Let j(n) = 4*n - 4. Calculate j(-45).
-184
Let p(i) = -25*i**2 + 88*i - 24. Give p(5).
-209
Let j(c) = -332*c - 4891. Calculate j(-15).
89
Let k(y) = y**3 + 24*y**2 - 25*y + 130. What is k(-26)?
-572
Let y(w) = w**3 - 169*w**2 + 5322*w + 1521. Calculate y(127).
-3
Let n(o) = 19833*o - 218170. Determine n(11).
-7
Let o(h) = -112*h + 3035. What is o(28)?
-101
Let n(p) = -2*p**3 - 247*p**2 + 106*p - 1919. What is n(-124)?
313
Let l(p) = 2*p**2 - 6*p - 10291. What is l(74)?
217
Let v(r) = -1707407*r + 8537074. Give v(5).
39
Let f(w) = 111*w**3 - 9*w**2 - 534*w - 527. Calculate f(-1).
-113
Let w(d) = d**3 - 1438*d**2 - 38061*d - 20. What is w(-26)?
-98
Let u(w) = -w**3 - 426*w**2 + 883*w - 173418. Give u(-429).
-102
Let z(s) = -47*s**2 + 14973*s - 8589. What is z(318)?
-3
Let y(d) = -3*d**2 + 1418*d - 22792. Calculate y(456).
8
Let c(v) = -2*v**2 - 98*v + 3751. What is c(-80)?
-1209
Let f(z) = -z**2 + 90*z + 265. Give f(73).
1506
Let y(n) = n**3 + 7*n**2 + 9105*n - 6. Calculate y(0).
-6
Let t(r) = 2*r**2 - 193*r + 4117. Calculate t(65).
22
Let r(h) = -h**3 + 175*h**2 + 859*h + 7386. Calculate r(180).
6
Let s(o) = o**3 - 623*o**2 + 3697*o + 3747. Determine s(617).
662
Let h(c) = 2*c**2 + 18149*c - 290897. Give h(16).
-1
Let o(b) = 16*b**3 - 100*b**2 - 283*b - 11. Determine o(-3).
-494
Let p(k) = -k**3 - 160*k**2 + 4652*k + 4977. What is p(-185)?
-18
Let s(w) = 988*w + 466309. Give s(-472).
-27
Let x(h) = -h**2 + 9711*h - 96966. Give x(10).
44
Let r(z) = z**2 - 11104*z + 33314. Determine r(3).
11
Let j(o) = -13*o**2 + 88*o + 484. Calculate j(-10).
-1696
Let r(n) = -5295*n - 3065770. Calculate r(-579).
35
Let u(n) = 368*n - 87979. Determine u(239).
-27
Let a(d) = -27699*d - 19306211. Calculate a(-697).
-8
Let k(t) = -2*t**2 - 580*t - 6140. Calculate k(-11).
-2
Let b(k) = -633*k**2 - 3686*k + 12. Calculate b(-6).
-660
Let a(k) = k**3 + 13*k**2 + 8*k + 482. Determine a(0).
482
Let q(x) = 509*x - 6065. Calculate q(4).
-4029
Let r(f) = f**3 + 8*f**2 + 6129*f + 42858. Give r(-7).
4
Let d(q) = -1981*q - 35898. Give d(-18).
-240
Let u(g) = 9*g**2 - 716*g + 13119. Calculate u(51).
12
Let f(v) = -3*v**2 - 219*v + 17. What is f(-73)?
17
Let w(k) = -240*k - 13364. Determine w(-55).
-164
Let b(z) = -2*z**3 + 214*z**2 + 119*z + 10522. Give b(108).
46
Let u(z) = -z**3 - 6*z**2 - 417*z - 1664. Determine u(-4).
-28
Let g(y) = 260*y - 9648. Determine g(37).
-28
Let g(j) = -j**2 - 890*j - 24958. What is g(-29)?
11
Let t(k) = -4*k**3 - 174*k**2 - 816*k + 600. Determine t(-38).
-160
Let n(l) = -4*l**3 - 2*l**2 + 3*l + 26. Determine n(3).
-91
Let c(g) = -g**3 - 44*g**2 - 132*g + 1535. Give c(-40).
415
Let z(t) = 1838*t - 9113. Give z(5).
77
Let r(m) = -5*m**2 + 873*m - 379. Calculate r(174).
143
Let g(v) = -2139*v**2 - 6373*v - 35. Determine g(-3).
-167
Let g(a) = -3729*a + 82065. Calculate g(22).
27
Let o(i) = -i**3 - 83*i**2 + 80*i + 579. Calculate o(-84).
915
Let l(n) = 366*n - 7518. Give l(21).
168
Let o(u) = -1339*u + 41714. What is o(31)?
205
Let t(u) = -4*u**2 + 236*u - 817. Give t(56).
-145
Let c(m) = 5708*m + 171216. Calculate c(-30).
-24
Let g(s) = 2*s**2 + 280*s - 907. Calculate g(-145).
543
Let z(r) = -r**3 + 305*r**2 - 5406*r - 562. What is z(19)?
-30
Let n(l) = l**3 + 149*l**2 + 145*l - 377. Determine n(-148).
67
Let o(h) = -403*h**2 - 4870*h + 9. Give o(-12).
417
Let n(o) = -11*o**2 - 673*o + 1402. Determine n(2).
12
Let w(m) = m**2 + 8933*m + 107353. Calculate w(-12).
301
Let r(y) = 5*y**2 + 270*y + 2356. Give r(-12).
-164
Let o(f) = 2999*f - 36098. Determine o(12).
-110
Let p(s) = 26*s**2 + 831*s - 65. What is p(-32)?
-33
Let o(g) = g**2 - 317*g + 13727. What is o(50)?
377
Let j(l) = -1367*l - 13673. Calculate j(-10).
-3
Let z(w) = 68*w + 1723. Give z(-23).
159
Let r(x) = x**3 + 24*x**2 - 840*x - 367. Determine r(-43).
622
Let x(p) = -5*p**3 - 30*p**2 - 45*p - 28. Calculate x(-4).
-8
Let u(f) = 444*f**2 - 259*f + 161. Give u(1).
346
Let s(o) = -63178*o - 442239. What is s(-7)?
7
Let s(c) = 10692*c - 331418. Calculate s(31).
34
Let u(a) = 16774*a**2 - 16783*a + 2. Determine u(1).
-7
Let b(h) = -h**3 + 119*h + 24. Calculate b(-11).
46
Let i(m) = -1935*m + 13995. Give i(7).
450
Let p(l) = -4*l**2 - 414*l - 8549. What is p(-75)?
1
Let x(h) = -342*h + 88537. Calculate x(259).
-41
Let x(n) = n**3 + 27*n**2 + 187*n + 131. Calculate x(-9).
-94
Let j(o) = 6610*o - 27009. Give j(4).
-569
Let n(s) = 1142126*s + 13705507. Give n(-12).
-5
Let t(m) = -m**2 + 5724*m - 306058. Determine t(54).
122
Let z(m) = m**3 + 8*m**2 + 50*m + 41. What is z(-13)?
-1454
Let p(x) = x**2 - 692*x + 119592. What is p(336)?
-24
Let h(i) = -21*i**2 - 1074*i + 2101. Give h(-53).
34
Let u(m) = -2*m**3 + 2039*m**2 - 1017*m - 2028. Calculate u(1019).
10
Let s(u) = 7*u**3 + 15*u**2 - 23*u - 186. Calculate s(-6).
-1020
Let z(i) = 4857*i - 63074. Determine z(13).
67
Let g(y) = -2204162*y - 13224978. Give g(-6).
-6
Let f(g) = g**3 - 5*g**2 - 3*g + 7. Give f(5).
-8
Let w(t) = -5176*t**2 - 41406*t + 21. What is w(-8)?
5
Let d(m) = 1362748*m - 1362750. Calculate d(1).
-2
Let z(t) = -2*t**3 - 19*t**2 + 715*t + 59. What is z(-24)?
-397
Let k(p) = 2*p**3 + 25*p**2 - 10*p - 709. Give k(-11).
-236
Let h(j) = -1403*j - 197764. Determine h(-141).
59
Let s(x) = 6*x**3 - 322*x**2 - 171*x + 2756. Calculate s(54).
-646
Let b(a) = 1954*a - 3007. What is b(3)?
2855
Let t(q) = -281*q + 51558. What is t(184)?
-146
Let k(d) = -d**3 - 176*d**2 - 499*d + 2843. Determine k(-173).
-617
Let y(g) = g**3 - 31*g**2 - 10*g - 56. Give y(31).
-366
Let b(u) = -3*u**2 + 966*u + 12014. What is b(-12)?
-10
Let u(y) = -11*y**2 + 38*y - 17. Determine u(7).
-290
Let s(o) = -84113*o + 168263. Determine s(2).
37
Let m(q) = q**3 + q**2 - 40*q + 218. Calculate m(5).
168
Let n(d) = -44*d**2 - 2884*d - 1542. Calculate n(-65).
18
Let k(w) = -300*w**3 - 4*w**2 - 63*w + 131. Determine k(2).
-2411
Let a(t) = -73*t + 1331. What is a(-13)?
2280
Let f(h) = 34*h**2 + 459*h + 2731. Calculate f(-6).
1201
Let o(c) = 5*c**3 + 61*c**2 - 36*c - 104. Determine o(-10).
1356
Let n(v) = -5*v**2 + 1125*v - 6702. Determine n(6).
-132
Let o(m) = m**3 - 49*m**2 - 2224*m + 36. Give o(-28).
1940
Let w(g) = 196*g + 968. Determine w(-11).
-1188
Let k(c) = 10*c**3 + 526*c**2 + 797*c - 954. Determine k(-51).
15
Let t(h) = h**2 + 125*h + 463. Give t(-105).
-1637
Let a(x) = -33*x**3 + 803*x**2 + 1434*x - 106. Give a(26).
-2
Let t(q) = 2*q**3 - 75*q**2 + 647*q - 148. Give t(15).
-568
Let r(b) = -22*b**2 + 779*b - 5725. Determine r(25).
0
Let k(s) = s**2 + 9326*s - 2858025. Determine k(297).
6
Let b(h) = -h**3 - 8*h**2 + 137*h + 157. Give b(-16).
13
Let c(w) = 1824*w + 136812. What is c(-75)?
12
Let m(c) = -45*c**2 + 6592*c + 3984. Give m(147).
603
Let h(x) = 20221*x - 404382. Determine h(20).
38
Let d(y) = -4122*y - 24745. What is d(-6)?
-13
Let w(k) = -547*k - 35103. Determine w(-63).
-642
Let m(o) = -3*o**2 + 1064*o + 3710. Determine m(0).
3710
Let c(k) = 130*k**2 - 1636*k + 1521. Determine c(1).
15
Let b(t) = -109*t**2 + 753*t + 756. Give b(-1).
-106
Let p(y) = 5*y**2 - 38*y - 2049. Calculate p(-17).
42
Let d(a) = -a**3 - 26*a**2 + 37*a + 1092. Calculate d(-27).
822
Let b(p) = 571*p**3 + 3*p**2 + 18*p - 39. Determine b(2).
4577
Let c(p) = 1697*p - 9140. What is c(5)?
-655
Let q(a) = -3*a**3 - 784*a**2 + 14195*a + 136. Give q(17).
136
Let r(z) = 120488*z + 481965. Give r(-4).
13
Let s(d) = -120*d**2 - 335*d + 194. Give s(-4).
-386
Let y(p) = 560*p**2 - p + 8. Calculate y(1).
567
Let v(d) = -392*d + 13213. Determine v(35).
-507
Let y(o) = 752*o**2 + 2509*o - 6264. Calculate y(-5).
-9
Let l(r) = 3*r**2 + 646*r + 1500. What is l(0)?
1500
Let t(x) = 2*x**3 + 176*x + 1455. Calculate t(-6).
-33
Let v(w) = -115537*w - 3350568. Determine v(-29).
5
Let f(g) = g**3 - 148*g**2 - 271*g - 4353. Calculate f(150).
-3
Let f(y) = -7095*y**2 - 63855*y + 27. Calculate f(-9).
27
Let i(o) = 15*o**3 + 589*o**2 + 261*o + 4136. What is i(-39)?
41
Let o(f) = -f**2 + 979*f + 81299. What is o(-77)?
-13
Let n(i) = 15*i**3 + 53*i**2 - i + 80. Give n(-7).
-2461
Let z(y) = -2*y**3 - 337*y**2 + 143*y - 4350. Give z(-169).
44
Let i(m) = -3*m**3 + 865*m**2 - 12309*m + 135. Give i(15).
0
Let v(r) = -30041*r + 3905339. What is v(130